e remainder when 7012892 is divided by 1206.
2
What is the remainder when 3716612 is divided by 5242?
34
Calculate the remainder when 2896251 is divided by 273.
267
What is the remainder when 1287185 is divided by 252?
221
What is the remainder when 8008137 is divided by 4004021?
95
Calculate the remainder when 1249480 is divided by 1109.
746
Calculate the remainder when 42005638 is divided by 1047.
1045
Calculate the remainder when 9455657 is divided by 305021.
6
Calculate the remainder when 1579859 is divided by 94.
1
Calculate the remainder when 494393 is divided by 22445.
603
Calculate the remainder when 26561532 is divided by 474.
468
Calculate the remainder when 4561502 is divided by 9123.
2
Calculate the remainder when 14928841 is divided by 1080.
1
What is the remainder when 648863 is divided by 162058?
631
What is the remainder when 164382 is divided by 1009?
924
What is the remainder when 416371 is divided by 23131?
13
Calculate the remainder when 45426837 is divided by 755.
752
What is the remainder when 2311919 is divided by 507?
506
What is the remainder when 751597 is divided by 22?
11
What is the remainder when 43127791 is divided by 4208?
4207
What is the remainder when 206144 is divided by 14699?
358
Calculate the remainder when 35252663 is divided by 17626322.
19
Calculate the remainder when 798956 is divided by 99855.
116
What is the remainder when 428746 is divided by 214320?
106
What is the remainder when 1977037 is divided by 494170?
357
What is the remainder when 3163114 is divided by 210872?
34
What is the remainder when 15440 is divided by 4018?
3386
Calculate the remainder when 3227366 is divided by 23.
6
Calculate the remainder when 85894640 is divided by 1717.
1715
Calculate the remainder when 10190874 is divided by 864.
858
Calculate the remainder when 56031460 is divided by 222.
214
What is the remainder when 21622607 is divided by 4324491?
152
Calculate the remainder when 253901 is divided by 3533.
3058
Calculate the remainder when 1634622 is divided by 108969.
87
What is the remainder when 24668 is divided by 4110?
8
Calculate the remainder when 620556 is divided by 13201.
109
What is the remainder when 532248 is divided by 177176?
720
Calculate the remainder when 816691 is divided by 272221.
28
What is the remainder when 140492 is divided by 138051?
2441
Calculate the remainder when 7452230 is divided by 71.
70
What is the remainder when 2999449 is divided by 230681?
596
Calculate the remainder when 624061 is divided by 10065.
31
Calculate the remainder when 9935184 is divided by 4967585.
14
What is the remainder when 186012496 is divided by 4325872?
0
What is the remainder when 872610 is divided by 588?
18
Calculate the remainder when 296630 is divided by 233.
21
What is the remainder when 7413 is divided by 114?
3
What is the remainder when 148834435 is divided by 83?
80
Calculate the remainder when 4643274 is divided by 316.
286
What is the remainder when 40590814 is divided by 67?
3
Calculate the remainder when 176285992 is divided by 126.
22
Calculate the remainder when 53218 is divided by 49759.
3459
What is the remainder when 4387424 is divided by 402?
398
What is the remainder when 383179 is divided by 3649?
34
Calculate the remainder when 10971 is divided by 22.
15
Calculate the remainder when 1242497 is divided by 88747.
39
Calculate the remainder when 645053 is divided by 1443.
32
What is the remainder when 48531 is divided by 2149?
1253
What is the remainder when 1352175 is divided by 327?
30
What is the remainder when 49044201 is divided by 11259?
11256
Calculate the remainder when 256171761 is divided by 32394.
9
Calculate the remainder when 2944892 is divided by 173228.
16
What is the remainder when 20284419 is divided by 813?
69
What is the remainder when 1392767 is divided by 464252?
11
What is the remainder when 1759292 is divided by 3867?
3674
Calculate the remainder when 9171920 is divided by 94.
58
Calculate the remainder when 81615210 is divided by 11659314.
12
Calculate the remainder when 12430761 is divided by 661.
656
What is the remainder when 1182394 is divided by 1181866?
528
What is the remainder when 4552057 is divided by 488?
481
What is the remainder when 4135053 is divided by 106?
99
What is the remainder when 9628936 is divided by 13?
5
What is the remainder when 4421436 is divided by 20?
16
Calculate the remainder when 1350930379 is divided by 670.
669
What is the remainder when 934012 is divided by 62227?
607
What is the remainder when 1808667 is divided by 602867?
66
Calculate the remainder when 81617 is divided by 140.
137
What is the remainder when 720705 is divided by 310?
265
Calculate the remainder when 18975224 is divided by 30854.
14
What is the remainder when 2472966 is divided by 402?
264
Calculate the remainder when 84308878 is divided by 13.
4
What is the remainder when 60397 is divided by 2510?
157
What is the remainder when 319447 is divided by 15956?
327
What is the remainder when 6244808 is divided by 2146?
2094
Calculate the remainder when 2029892 is divided by 676597.
101
What is the remainder when 20378490 is divided by 6792824?
18
What is the remainder when 37891777 is divided by 12630589?
10
What is the remainder when 454459724 is divided by 52?
4
Calculate the remainder when 825949 is divided by 4302.
4267
Calculate the remainder when 1747011 is divided by 129.
93
Calculate the remainder when 1020857 is divided by 1682.
1565
Calculate the remainder when 133631 is divided by 7745.
1966
Calculate the remainder when 2226485 is divided by 2436.
2417
Calculate the remainder when 1023014 is divided by 1237.
15
What is the remainder when 16725423 is divided by 16?
15
Calculate the remainder when 211649514 is divided by 871.
869
What is the remainder when 47358564 is divided by 4464?
4452
Calculate the remainder when 1265177 is divided by 21086.
17
What is the remainder when 72152487 is divided by 14430497?
2
What is the remainder when 211653 is divided by 7?
1
What is the remainder when 309779327 is divided by 304?
287
What is the remainder when 142887 is divided by 1356?
507
Calculate the remainder when 1257 is divided by 908.
349
Calculate the remainder when 1182025 is divided by 1580.
185
What is the remainder when 260379 is divided by 643?
607
Calculate the remainder when 65348 is divided by 6533.
18
What is the remainder when 4691 is divided by 4553?
138
What is the remainder when 18908608 is divided by 525239?
4
Calculate the remainder when 8409493 is divided by 1210.
1203
What is the remainder when 1015280 is divided by 2002?
266
What is the remainder when 1357948 is divided by 193859?
935
Calculate the remainder when 5522 is divided by 1595.
737
Calculate the remainder when 48654 is divided by 15835.
1149
Calculate the remainder when 130617 is divided by 2663.
130
What is the remainder when 6344439 is divided by 651?
444
Calculate the remainder when 25287271 is divided by 211.
187
Calculate the remainder when 1692509 is divided by 7228.
1157
What is the remainder when 8510987 is divided by 1086?
5
Calculate the remainder when 49581630 is divided by 91479.
12
What is the remainder when 477057 is divided by 371?
322
Calculate the remainder when 188026 is divided by 76.
2
Calculate the remainder when 18246152 is divided by 4052.
4048
Calculate the remainder when 1429375 is divided by 4204.
15
What is the remainder when 12018538 is divided by 1643?
1636
Calculate the remainder when 1806411 is divided by 55.
46
Calculate the remainder when 14853 is divided by 2255.
1323
What is the remainder when 678632242 is divided by 8891?
8885
What is the remainder when 3842462 is divided by 72499?
15
Calculate the remainder when 209157 is divided by 41636.
977
Calculate the remainder when 6807 is divided by 6800.
7
Calculate the remainder when 104954 is divided by 6559.
10
What is the remainder when 174949 is divided by 163?
50
What is the remainder when 17623073 is divided by 42?
41
What is the remainder when 955716 is divided by 955482?
234
Calculate the remainder when 745979 is divided by 1003.
750
Calculate the remainder when 932359 is divided by 22199.
1
What is the remainder when 47404630 is divided by 314?
50
Calculate the remainder when 49766120 is divided 